{"id":46,"date":"2026-03-13T17:57:09","date_gmt":"2026-03-13T17:57:09","guid":{"rendered":"https:\/\/cidjuridica.com\/index.php\/inicio\/"},"modified":"2026-03-13T18:53:44","modified_gmt":"2026-03-13T18:53:44","slug":"inicio","status":"publish","type":"page","link":"https:\/\/cidjuridica.com\/","title":{"rendered":"Inicio"},"content":{"rendered":"<p>&nbsp;<\/p>\r\n\r\n<div class=\"wp-block-group alignfull has-global-padding is-layout-constrained wp-container-core-group-is-layout-490fa1db wp-block-group-is-layout-constrained\">\r\n<div class=\"wp-block-group has-global-padding is-layout-constrained wp-container-core-group-is-layout-650790e1 wp-block-group-is-layout-constrained\">\r\n<h1 class=\"wp-block-heading has-text-align-center has-x-large-font-size\">CIDJur\u00eddica<\/h1>\r\n\r\n\r\n\r\n<h4 class=\"has-text-align-center\">Centro de Investigaci\u00f3n y Defensa Jur\u00eddica<\/h4>\r\n\r\n\r\n\r\n<div class=\"wp-block-spacer\" aria-hidden=\"true\">\u00a0<\/div>\r\n<\/div>\r\n\r\n\r\n\r\n\r\n\r\n<div class=\"wp-block-group has-global-padding is-layout-constrained wp-container-core-group-is-layout-650790e1 wp-block-group-is-layout-constrained\">\r\n<p data-wp-context---core-fit-text=\"core\/fit-text::{&quot;fontSize&quot;:&quot;&quot;}\" data-wp-init---core-fit-text=\"core\/fit-text::callbacks.init\" data-wp-interactive data-wp-style--font-size=\"core\/fit-text::context.fontSize\" class=\"has-text-align-center has-fit-text\">La afirmaci\u00f3n de la vida como criterio \u00e9tico de la praxis jur\u00eddica.<\/p>\r\n\r\n\r\n\r\n\r\n\r\n<div class=\"wp-block-spacer\" aria-hidden=\"true\">\u00a0<\/div>\r\n\r\n\r\n\r\n<div class=\"wp-block-buttons is-content-justification-center is-layout-flex wp-container-core-buttons-is-layout-a89b3969 wp-block-buttons-is-layout-flex\">\r\n<div class=\"wp-block-button\"><a class=\"wp-block-button__link wp-element-button\">Nosotros<\/a><\/div>\r\n<\/div>\r\n<\/div>\r\n\r\n\r\n\r\n<div class=\"wp-block-spacer\" aria-hidden=\"true\">\u00a0<\/div>\r\n\r\n\r\n\r\n<figure class=\"wp-block-image alignwide size-full is-style-rounded is-style-rounded--1\"><img loading=\"lazy\" decoding=\"async\" width=\"1450\" height=\"1115\" class=\"wp-image-11\" src=\"https:\/\/cidjuridica.com\/wp-content\/uploads\/2026\/03\/Foto_CIDJuridica.jpeg\" alt=\"\" srcset=\"https:\/\/cidjuridica.com\/wp-content\/uploads\/2026\/03\/Foto_CIDJuridica.jpeg 1450w, https:\/\/cidjuridica.com\/wp-content\/uploads\/2026\/03\/Foto_CIDJuridica-300x231.jpeg 300w, https:\/\/cidjuridica.com\/wp-content\/uploads\/2026\/03\/Foto_CIDJuridica-1024x787.jpeg 1024w, https:\/\/cidjuridica.com\/wp-content\/uploads\/2026\/03\/Foto_CIDJuridica-768x591.jpeg 768w\" sizes=\"auto, (max-width: 1450px) 100vw, 1450px\" \/><\/figure>\r\n<\/div>\r\n\r\n\r\n\r\n<div class=\"wp-block-group alignfull has-base-2-background-color has-background has-global-padding is-layout-constrained wp-container-core-group-is-layout-d89aad35 wp-block-group-is-layout-constrained\">\r\n<div class=\"wp-block-group alignwide has-global-padding is-layout-constrained wp-container-core-group-is-layout-19e250f3 wp-block-group-is-layout-constrained\">\r\n<div class=\"wp-block-group is-vertical is-content-justification-center is-layout-flex wp-container-core-group-is-layout-6329a8f3 wp-block-group-is-layout-flex\">\r\n<h2 class=\"wp-block-heading has-text-align-center is-style-asterisk has-x-large-font-size\">Derecho Laboral<\/h2>\r\n\r\n\r\n\r\n<p class=\"has-text-align-center\">Asesor\u00eda, Mediaci\u00f3n y Defensa legal.<\/p>\r\n<\/div>\r\n\r\n\r\n\r\n<div class=\"wp-block-spacer\" aria-hidden=\"true\">\u00a0<\/div>\r\n\r\n\r\n\r\n<div class=\"wp-block-columns alignwide is-layout-flex wp-container-core-columns-is-layout-d1c656ed wp-block-columns-is-layout-flex\">\r\n<div class=\"wp-block-column is-vertically-aligned-center is-layout-flow wp-block-column-is-layout-flow\">\r\n<ul class=\"wp-block-list is-style-checkmark-list\">\r\n<li>Despido injustificado.<\/li>\r\n\r\n\r\n\r\n<li>C\u00e1lculo de finiquito.<\/li>\r\n\r\n\r\n\r\n<li>Reclamaci\u00f3n de prestaciones (Aguinaldo,vacaciones, prima vacacional).<\/li>\r\n\r\n\r\n\r\n<li>Pago de horas extras.<\/li>\r\n\r\n\r\n\r\n<li class=\"has-medium-font-size\">Reconocimiento de relaci\u00f3n laboral.<\/li>\r\n\r\n\r\n\r\n<li>Violaciones de derechos laborales y falta de afiliaci\u00f3n.<\/li>\r\n\r\n\r\n\r\n<li>Subcontrataci\u00f3n indebida.<\/li>\r\n\r\n\r\n\r\n<li>Hostigamiento, acoso y discriminaci\u00f3n laboral.<\/li>\r\n\r\n\r\n\r\n<li>Reparto de utilidades.<\/li>\r\n<\/ul>\r\n<\/div>\r\n<\/div>\r\n\r\n\r\n\r\n<div class=\"wp-block-spacer\" aria-hidden=\"true\">\u00a0<\/div>\r\n\r\n\r\n\r\n<div class=\"wp-block-group is-vertical is-content-justification-center is-layout-flex wp-container-core-group-is-layout-6329a8f3 wp-block-group-is-layout-flex\">\r\n<h2 class=\"wp-block-heading has-text-align-center is-style-asterisk has-x-large-font-size\">Seguridad Social<\/h2>\r\n\r\n\r\n\r\n<p class=\"has-text-align-center\">Asesor\u00eda, Gesti\u00f3n administrativa y Defensa legal.<\/p>\r\n<\/div>\r\n\r\n\r\n\r\n<div class=\"wp-block-columns alignwide is-layout-flex wp-container-core-columns-is-layout-d1c656ed wp-block-columns-is-layout-flex\">\r\n<div class=\"wp-block-column is-layout-flow wp-block-column-is-layout-flow\">\u00a0<\/div>\r\n\r\n\r\n\r\n<div class=\"wp-block-column is-layout-flow wp-block-column-is-layout-flow\">\u00a0<\/div>\r\n<\/div>\r\n\r\n\r\n\r\n<div class=\"wp-block-columns alignwide is-layout-flex wp-container-core-columns-is-layout-d1c656ed wp-block-columns-is-layout-flex\">\r\n<div class=\"wp-block-column is-vertically-aligned-center is-layout-flow wp-block-column-is-layout-flow\">\r\n<ul class=\"wp-block-list is-style-checkmark-list\">\r\n<li>C\u00e1lculo de pensi\u00f3n (cesant\u00eda, vejez, invalidez y viudez).<\/li>\r\n\r\n\r\n\r\n<li>Negativa de reconocimiento de semanas cotizadas.<\/li>\r\n\r\n\r\n\r\n<li>Rectificaci\u00f3n de salario base de cotizaci\u00f3n.<\/li>\r\n\r\n\r\n\r\n<li class=\"has-medium-font-size\">Riesgo de trabajo y grado de incapacidad.<\/li>\r\n\r\n\r\n\r\n<li>Cr\u00e9ditos fiscales por cuotas obrero-patronales.<\/li>\r\n\r\n\r\n\r\n<li>Negativa de atenci\u00f3n m\u00e9dica o suministro de medicamentos.<\/li>\r\n\r\n\r\n\r\n<li>Devoluci\u00f3n de recursos (AFORE\/Subcuentas).<\/li>\r\n\r\n\r\n\r\n<li>Responsabilidad patronal por falta de inscripci\u00f3n.<\/li>\r\n<\/ul>\r\n<\/div>\r\n<\/div>\r\n<\/div>\r\n<\/div>\r\n\r\n\r\n\r\n<div class=\"wp-block-group alignfull has-base-color has-contrast-background-color has-text-color has-background has-global-padding is-layout-constrained wp-container-core-group-is-layout-ef3d885c wp-block-group-is-layout-constrained\">\r\n<div class=\"wp-block-group has-global-padding is-layout-constrained wp-block-group-is-layout-constrained\">\r\n<p>&nbsp;<\/p>\r\n<p class=\"has-text-align-center has-base-color has-text-color has-heading-font-family has-x-large-font-size\"><em>\u201cLa legalidad que niega<\/em><\/p>\r\n\r\n\r\n\r\n<p class=\"has-text-align-center has-base-color has-text-color has-heading-font-family has-x-large-font-size\"><em> la vida es violencia normalizada.\u201d<\/em><\/p>\r\n\r\n\r\n<\/div>\r\n<\/div>\r\n","protected":false},"excerpt":{"rendered":"<p>&nbsp; CIDJur\u00eddica Centro de Investigaci\u00f3n y Defensa Jur\u00eddica La afirmaci\u00f3n de la vida como criterio \u00e9tico de la praxis jur\u00eddica. Derecho Laboral Asesor\u00eda, Mediaci\u00f3n y Defensa legal. Seguridad Social Asesor\u00eda, Gesti\u00f3n administrativa y Defensa legal. \u00a0 \u00a0 &nbsp; \u201cLa legalidad que niega la vida es violencia normalizada.\u201d<\/p>\n","protected":false},"author":1,"featured_media":0,"parent":0,"menu_order":0,"comment_status":"closed","ping_status":"closed","template":"","meta":{"footnotes":""},"class_list":["post-46","page","type-page","status-publish","hentry"],"_links":{"self":[{"href":"https:\/\/cidjuridica.com\/index.php\/wp-json\/wp\/v2\/pages\/46","targetHints":{"allow":["GET"]}}],"collection":[{"href":"https:\/\/cidjuridica.com\/index.php\/wp-json\/wp\/v2\/pages"}],"about":[{"href":"https:\/\/cidjuridica.com\/index.php\/wp-json\/wp\/v2\/types\/page"}],"author":[{"embeddable":true,"href":"https:\/\/cidjuridica.com\/index.php\/wp-json\/wp\/v2\/users\/1"}],"replies":[{"embeddable":true,"href":"https:\/\/cidjuridica.com\/index.php\/wp-json\/wp\/v2\/comments?post=46"}],"version-history":[{"count":7,"href":"https:\/\/cidjuridica.com\/index.php\/wp-json\/wp\/v2\/pages\/46\/revisions"}],"predecessor-version":[{"id":64,"href":"https:\/\/cidjuridica.com\/index.php\/wp-json\/wp\/v2\/pages\/46\/revisions\/64"}],"wp:attachment":[{"href":"https:\/\/cidjuridica.com\/index.php\/wp-json\/wp\/v2\/media?parent=46"}],"curies":[{"name":"wp","href":"https:\/\/api.w.org\/{rel}","templated":true}]}}